nder when 1/(-2)*(-5 - 77) is divided by o.
19
Suppose -12 = -7*g + 3*g, -5*r = -g - 1767. Calculate the remainder when r is divided by 51.
48
Let w = 0 - 0. Suppose w = p - 1 - 4. What is the remainder when 8 is divided by p?
3
Let n(b) = 17*b - 3. Let u = 24 - 24. Suppose -2*m + u*m = -16. What is the remainder when n(2) is divided by m?
7
Let a(h) = -h**2 - 7*h - 8. Let v be a(-6). Let m = v - -4. Suppose -m*t - 13 = -3*t. What is the remainder when t is divided by 5?
3
Suppose -z - 5*h = z - 32, -4*h = 0. Suppose 0 = 4*x + 5*j - 82, -x - x = 2*j - 42. What is the remainder when (-2*1)/((-1)/x) is divided by z?
14
Let z(b) = b**3 - 6*b**2 + 6*b + 6. Suppose -2*f + 5 = -5. Let n = 16 + 15. What is the remainder when n is divided by z(f)?
9
Let c = 188 + -111. Calculate the remainder when c is divided by 28.
21
Suppose q = 5*q - 48. Calculate the remainder when 45 is divided by q.
9
Let q = 98 - 51. Let j = -144 + 160. What is the remainder when q is divided by j?
15
Let o = -34 - -47. Calculate the remainder when 24 is divided by o.
11
Let o(a) = 12*a**2 + 1. Let i be o(-1). Let j = 4 + i. Suppose 4*t + s = 201, -t + s = -s - 39. What is the remainder when t is divided by j?
15
Let i(l) = 12*l - 1 - 3 + 5. Suppose -w = -4*c + 2 - 11, 5*c = -10. What is the remainder when 25 is divided by i(w)?
12
Let h = 9 - -6. What is the remainder when h is divided by 9?
6
Let g(c) = c**3 + 7*c**2 + 2*c - 2. Calculate the remainder when g(-5) is divided by 10.
8
Let z be 1 - ((-2)/2 + -1). Let p be 3/((27/15)/z). Suppose 0 = p*s + 3*t - 191, -4*t = 4*s - 35 - 121. Calculate the remainder when s is divided by 13.
11
Suppose 15 + 12 = 3*n. What is the remainder when 23 is divided by n?
5
Suppose -2*h + 5 = -5. Suppose -298 = -5*l + h*z + 57, 2 = -2*z. What is the remainder when l is divided by 24?
22
Suppose -2*j + 7 = -17. Let b(n) = -n - 3. Suppose -5*s - 5*y = 35, -3 + 1 = -2*y. Calculate the remainder when j is divided by b(s).
2
Let q(i) = -5*i - 6. What is the remainder when q(-6) is divided by ((-20)/(-6) - (-2)/3) + 9?
11
Let u(q) = -q**2 - 8*q + 7. Calculate the remainder when 43 is divided by u(-4).
20
Let m(h) = -2*h**3 - 3*h**2 - 3*h - 1. Let i be m(-2). Suppose 5*b = 24 - i. What is the remainder when 8 is divided by b?
2
Suppose -g + p = -0 - 8, -5*p = -4*g + 31. Suppose 0 = -4*r - 3*y + 80, 3*y = -r + 30 - 1. Calculate the remainder when r is divided by g.
8
Let n = -53 - -93. Let f = n - 18. What is the remainder when 87 is divided by f?
21
Let d(g) = g**2 + 8*g - 4. Let v be d(-7). Let c = -15 + 73. What is the remainder when c is divided by -2 + 4/(-2)*v?
18
Let l(v) = v + 10. Let b(c) = 1. Let z(u) = -3*b(u) + l(u). What is the remainder when 22 is divided by z(5)?
10
Suppose k + 8 = 3*n + 3*k, 7 = 4*n - k. Let m = -3 + n. Let l(o) = -11*o**3 + 2*o**2 - 1. What is the remainder when 23 is divided by l(m)?
11
Let g = 26 - 12. Let y = -57 + 84. Suppose -5*f + 165 = 2*b + y, 100 = 4*f - b. Calculate the remainder when f is divided by g.
12
Suppose -2*v = -48 - 78. What is the remainder when v is divided by 8?
7
Let c(d) = 6*d + 4. What is the remainder when c(3) is divided by 7?
1
Let a(o) = -o**2 + 5*o - 14. Let w(d) = d**2 - 6*d + 13. Let z(q) = -7*a(q) - 6*w(q). What is the remainder when 79 is divided by z(0)?
19
Let u(b) = 6*b + 3. Let z be u(-3). Let a be 5/(z/(-48)) - 2. Let r = -9 + a. Calculate the remainder when 13 is divided by r.
3
Let j(i) = -10*i + 1. Let c be j(-10). Suppose -4*k - 5 = -c. Calculate the remainder when 46 is divided by k.
22
Suppose 2*l = -0*l + 42. Suppose 5*u + 5 = -35. Let d = 19 + u. What is the remainder when l is divided by d?
10
Suppose -3*l + 31 = -0*q + 2*q, -q - 2*l = -16. Calculate the remainder when q is divided by 5.
4
Let x(y) = y**3 - 3*y**2 + 3*y - 2. Calculate the remainder when 43 is divided by x(4).
17
Let z be (1/1)/(6/120). Let j = z + -14. Calculate the remainder when j is divided by 4.
2
Let q(d) = d**3 - 6*d**2 - 7*d + 7. Let t be q(7). Let r = 8 + t. What is the remainder when (-6*1)/((-6)/45) + -2 is divided by r?
13
Suppose 367 = 5*n + 4*x + 94, 5*x + 186 = 3*n. Let z = -17 + n. Suppose -q - 2*q = -42. What is the remainder when z is divided by q?
12
Suppose -13 = -4*h - p - 0, 5*h + 5*p - 5 = 0. Let s(x) = 7*x + 6. Let t be s(6). Suppose h*n = n + t. What is the remainder when n is divided by 9?
7
Suppose -30 = 9*r - 4*r. What is the remainder when 3/r*2 - -44 is divided by 15?
13
Let u = -43 - -61. What is the remainder when u is divided by 7?
4
Suppose -3*w - w - 20 = 0, -3*v + 35 = 2*w. What is the remainder when 43 is divided by v?
13
Suppose 57 = 3*x - 24. Suppose 0 = -2*y - a + 3*a - 58, -90 = 3*y - 4*a. Let k = 40 + y. Calculate the remainder when x is divided by k.
13
Let k = -8 - -10. Let l(r) = r**3 - 6*r**2 + 6*r - 3. Let d be l(5). Suppose 156 = d*c + k*c. What is the remainder when c is divided by 20?
19
Suppose 0 = 7*o - 10*o + 21. Suppose 2*n = 3*n - o. What is the remainder when 13 is divided by n?
6
Let q(f) = f**3 + 11*f**2 + 22*f + 11. Calculate the remainder when q(-7) is divided by 19.
15
Let l(f) = 3*f - 4. Let d be l(-6). Let r = d + 37. Suppose -13 - r = -2*v. What is the remainder when 41 is divided by v?
13
Let i(g) = 10*g**2 - 2*g - 2. Let o be i(-2). Suppose 2*r + 10 = 3*q + o, 5*r = -q + 63. Suppose -9 = -v - 4. Calculate the remainder when r is divided by v.
3
Suppose -v = -3*v + 12. Suppose 6 + v = 4*a. Suppose 5*l + 2*c = 8, 3*l - 1 = l - a*c. Calculate the remainder when 4 is divided by l.
0
Suppose 0*s = 2*s - 3*z + 7, -3*z + 15 = 0. Suppose s*c - 9 = c. Calculate the remainder when 9 is divided by c.
0
Suppose -4*o - 3*l + 440 = 88, o = 3*l + 88. Calculate the remainder when o is divided by 46.
42
Suppose 4*l - 32 = -0*l. Let n(k) = k - 7. Let g be n(5). Let h(y) = -y**3 - y**2 + 1. Calculate the remainder when l is divided by h(g).
3
Suppose f = 3*a - 94, 3*a - 138 = -a - 5*f. Calculate the remainder when a is divided by (-3)/(-2)*44/6.
10
Let f(t) = t**3 - 10*t**2 + 3*t - 7. Calculate the remainder when f(10) is divided by 8.
7
Calculate the remainder when 62 is divided by ((-16)/3)/((-3)/9).
14
Suppose -6 = -3*k - 0*k. Suppose k*y = 142 - 2. Calculate the remainder when y is divided by 18.
16
Suppose -4*k + 4*m + 32 = 0, -8*m = -5*m + 9. What is the remainder when k is divided by 2?
1
Suppose -3*q - 15 = 4*d, 0 = 2*q + 10 - 0. Let m = d - -2. What is the remainder when 7 is divided by m?
1
Suppose -2*c + 8*b - 5*b = -135, -12 = 4*b. What is the remainder when c is divided by 13?
11
Let l = 14 + 28. Suppose 2*w = -5*d + 26, -2*w + 29 = 3*d + 11. Suppose -w*k + l = -k. Calculate the remainder when k is divided by 11.
10
Suppose 4*q - 4*v - 72 = 0, q + 4*v = -0*v + 23. Let w(p) = -p**3 - p**2 - p + 4. Calculate the remainder when w(-4) is divided by q.
18
Suppose 0 = -2*f - 4 + 14. Suppose -t - 3*l + 8 = 0, 3*t - 2*l = t + 40. Suppose 0*k - t = -k. Calculate the remainder when k is divided by f.
2
Suppose -2*x - 3*x - 5*v = -25, x + 4*v - 8 = 0. Calculate the remainder when 15 is divided by x.
3
Suppose -3*b = 3*r + 9, -3*r + 2 - 1 = b. Suppose 3*l - 4*k - 17 = 14, 0 = r*k + 8. Suppose l*v - 42 + 12 = 0. What is the remainder when 15 is divided by v?
3
Suppose -5*c - 114 = -8*c. What is the remainder when 73 is divided by c?
35
Let b(r) = -r**3 - r + 2. Let i be b(2). Suppose 0 = -3*y + 2*q + 2*q + 74, -4*q = -2*y + 52. Calculate the remainder when y is divided by i/20 + 62/5.
10
Calculate the remainder when 29 is divided by (20 - 5) + 0/(-3).
14
Suppose 4*c - 5*l = -4*l - 2, l = -4*c + 2. Suppose c = -3*t + 392 - 161. What is the remainder when t is divided by 20?
17
Calculate the remainder when ((-28)/(-2))/((-24)/(-132)) is divided by 20.
17
Suppose -5*r - 8 = -z - z, -2*r + 12 = 3*z. Suppose -k = -r*k - 2. Calculate the remainder when (0 - -4)/(k/13) is divided by 14.
12
Let b = -36 + 46. Calculate the remainder when 16 is divided by b.
6
What is the remainder when ((-12)/18)/((-2)/57) is divided by 8?
3
Suppose 0 = -2*p + 21 + 5. Suppose 4*g = 3*m - 1, 3*m - g - 7 = -0. What is the remainder when (3/m)/((-3)/(-111)) is divided by p?
11
What is the remainder when -1 + (-27)/(0 + -1) is divided by 7?
5
Let x(r) = 10*r + 7. Calculate the rema